{"id":1738,"date":"2016-02-28T19:45:06","date_gmt":"2016-02-28T22:45:06","guid":{"rendered":"http:\/\/www.grupodabencao.org.br\/site\/?page_id=1738"},"modified":"2023-12-05T15:28:41","modified_gmt":"2023-12-05T18:28:41","slug":"editora-geb","status":"publish","type":"page","link":"https:\/\/www.grupodabencao.org.br\/site\/editora-geb\/","title":{"rendered":"Editora GEB"},"content":{"rendered":"<p style=\"text-align: justify;\"><strong>Agora voc\u00ea pode adquirir os livros da Editora do Grupo Esp\u00edrita da B\u00ean\u00e7\u00e3o entrando em contato conosco pelo n\u00famero (31) 99313-1304 ou fazendo seu pedido preenchendo o\u00a0formul\u00e1rio abaixo.\u00a0Informe os livros e quantidades desejados e responderemos seu pedido informando o valor, condi\u00e7\u00f5es de pagamento e envio. Se preferir envie seu pedido para o email atendimento1@grupodabencao.org.br<\/strong><\/p>\n<p>&nbsp;<\/p>\n<style id=\"wpforms-css-vars-4204\">\n\t\t\t\t#wpforms-4204 {\n\t\t\t\t\n\t\t\t}\n\t\t\t<\/style><div class=\"wpforms-container wpforms-container-full wpforms-render-modern\" id=\"wpforms-4204\"><form id=\"wpforms-form-4204\" class=\"wpforms-validate wpforms-form wpforms-ajax-form\" data-formid=\"4204\" method=\"post\" enctype=\"multipart\/form-data\" action=\"\/site\/wp-json\/wp\/v2\/pages\/1738\" data-token=\"8dcb12f80be7b76f52ea6d0ee600376b\" data-token-time=\"1776768560\"><div class=\"wpforms-head-container\"><div class=\"wpforms-title\">Pedido de Livros<\/div><\/div><noscript class=\"wpforms-error-noscript\">Ative o JavaScript no seu navegador para preencher este formul\u00e1rio.<\/noscript><div id=\"wpforms-error-noscript\" style=\"display: none;\">Ative o JavaScript no seu navegador para preencher este formul\u00e1rio.<\/div><div class=\"wpforms-field-container\"><div id=\"wpforms-4204-field_1-container\" class=\"wpforms-field wpforms-field-text\" data-field-id=\"1\"><label class=\"wpforms-field-label\" for=\"wpforms-4204-field_1\">Nome <span class=\"wpforms-required-label\" aria-hidden=\"true\">*<\/span><\/label><input type=\"text\" id=\"wpforms-4204-field_1\" class=\"wpforms-field-large wpforms-field-required\" name=\"wpforms[fields][1]\" aria-errormessage=\"wpforms-4204-field_1-error\" required><\/div><div id=\"wpforms-4204-field_8-container\" class=\"wpforms-field wpforms-field-text\" data-field-id=\"8\"><label class=\"wpforms-field-label\" for=\"wpforms-4204-field_8\">E-mail <span class=\"wpforms-required-label\" aria-hidden=\"true\">*<\/span><\/label><input type=\"text\" id=\"wpforms-4204-field_8\" class=\"wpforms-field-large wpforms-field-required\" name=\"wpforms[fields][8]\" aria-errormessage=\"wpforms-4204-field_8-error\" required><\/div><div id=\"wpforms-4204-field_6-container\" class=\"wpforms-field wpforms-field-text\" data-field-id=\"6\"><label class=\"wpforms-field-label\" for=\"wpforms-4204-field_6\">Telefone <span class=\"wpforms-required-label\" aria-hidden=\"true\">*<\/span><\/label><input type=\"text\" id=\"wpforms-4204-field_6\" class=\"wpforms-field-large wpforms-field-required\" name=\"wpforms[fields][6]\" aria-errormessage=\"wpforms-4204-field_6-error\" required><\/div><div id=\"wpforms-4204-field_3-container\" class=\"wpforms-field wpforms-field-textarea\" data-field-id=\"3\"><label class=\"wpforms-field-label\" for=\"wpforms-4204-field_3\">Mensagem <span class=\"wpforms-required-label\" aria-hidden=\"true\">*<\/span><\/label><textarea id=\"wpforms-4204-field_3\" class=\"wpforms-field-medium wpforms-field-required\" name=\"wpforms[fields][3]\" aria-errormessage=\"wpforms-4204-field_3-error\" required><\/textarea><\/div><\/div><!-- .wpforms-field-container --><div class=\"wpforms-submit-container\" ><input type=\"hidden\" name=\"wpforms[id]\" value=\"4204\"><input type=\"hidden\" name=\"page_title\" value=\"\"><input type=\"hidden\" name=\"page_url\" value=\"https:\/\/www.grupodabencao.org.br\/site\/wp-json\/wp\/v2\/pages\/1738\"><input type=\"hidden\" name=\"url_referer\" value=\"\"><button type=\"submit\" name=\"wpforms[submit]\" id=\"wpforms-submit-4204\" class=\"wpforms-submit deniogtkgmailcom\" data-alt-text=\"Enviando...\" data-submit-text=\"Enviar\" aria-live=\"assertive\" value=\"wpforms-submit\">Enviar<\/button><img loading=\"lazy\" decoding=\"async\" src=\"https:\/\/www.grupodabencao.org.br\/site\/wp-content\/plugins\/wpforms-lite\/assets\/images\/submit-spin.svg\" class=\"wpforms-submit-spinner\" style=\"display: none;\" width=\"26\" height=\"26\" alt=\"Carregando\"><\/div><\/form><\/div>  <!-- .wpforms-container -->\n<p>&nbsp;<\/p>\n<p>&nbsp;<\/p>\n<p>&nbsp;<\/p>\n<p>&nbsp;<\/p>\n<p>&nbsp;<\/p>\n<p>&nbsp;<\/p>\n<p>&nbsp;<\/p>\n","protected":false},"excerpt":{"rendered":"<p>Agora voc\u00ea pode adquirir os livros da Editora do Grupo Esp\u00edrita da B\u00ean\u00e7\u00e3o entrando em contato conosco pelo n\u00famero (31) 99313-1304 ou fazendo seu pedido preenchendo o\u00a0formul\u00e1rio abaixo.\u00a0Informe os livros e quantidades desejados e responderemos seu pedido informando o valor, condi\u00e7\u00f5es de pagamento e envio. Se preferir envie seu pedido para o email atendimento1@grupodabencao.org.br &nbsp; [&hellip;]<\/p>\n","protected":false},"author":1,"featured_media":0,"parent":0,"menu_order":0,"comment_status":"closed","ping_status":"closed","template":"","meta":{"ngg_post_thumbnail":0,"footnotes":""},"class_list":["post-1738","page","type-page","status-publish","hentry"],"_links":{"self":[{"href":"https:\/\/www.grupodabencao.org.br\/site\/wp-json\/wp\/v2\/pages\/1738","targetHints":{"allow":["GET"]}}],"collection":[{"href":"https:\/\/www.grupodabencao.org.br\/site\/wp-json\/wp\/v2\/pages"}],"about":[{"href":"https:\/\/www.grupodabencao.org.br\/site\/wp-json\/wp\/v2\/types\/page"}],"author":[{"embeddable":true,"href":"https:\/\/www.grupodabencao.org.br\/site\/wp-json\/wp\/v2\/users\/1"}],"replies":[{"embeddable":true,"href":"https:\/\/www.grupodabencao.org.br\/site\/wp-json\/wp\/v2\/comments?post=1738"}],"version-history":[{"count":36,"href":"https:\/\/www.grupodabencao.org.br\/site\/wp-json\/wp\/v2\/pages\/1738\/revisions"}],"predecessor-version":[{"id":4219,"href":"https:\/\/www.grupodabencao.org.br\/site\/wp-json\/wp\/v2\/pages\/1738\/revisions\/4219"}],"wp:attachment":[{"href":"https:\/\/www.grupodabencao.org.br\/site\/wp-json\/wp\/v2\/media?parent=1738"}],"curies":[{"name":"wp","href":"https:\/\/api.w.org\/{rel}","templated":true}]}}