{"id":70,"date":"2013-09-21T10:36:21","date_gmt":"2013-09-21T13:36:21","guid":{"rendered":"http:\/\/www.grupodabencao.org.br\/site\/?page_id=70"},"modified":"2016-04-26T15:04:15","modified_gmt":"2016-04-26T18:04:15","slug":"localizacao","status":"publish","type":"page","link":"https:\/\/www.grupodabencao.org.br\/site\/localizacao\/","title":{"rendered":"Localiza\u00e7\u00e3o"},"content":{"rendered":"<p style=\"text-align: justify;\">O Grupo Esp\u00edrita da B\u00ean\u00e7\u00e3o est\u00e1 situado na Rua Ametista, 97, bairro Vila Ondina, na cidade\u00a0 de M\u00e1rio Campos, Estado de Minas Gerais.<\/p>\n<p style=\"text-align: justify;\">Acesso pela Fern\u00e3o Dias (BR 381), sentido BH \u2013 S\u00e3o Paulo, Sa\u00edda 501, em dire\u00e7\u00e3o a Brumadinho. Outro acesso \u00e9 a MG-040, que liga a regi\u00e3o do Barreiro a Ibirit\u00e9, Sarzedo e M\u00e1rio Campos.<\/p>\n<p style=\"text-align: justify;\">No mapa abaixo, o Grupo da B\u00ean\u00e7\u00e3o situa-se no local indicado pelo \u00edcone com a letra A, da seguinte forma: No mapa, quem vem pela BR-381 (de Belo Horizonte, ou do lado de S\u00e3o Paulo ou Tri\u00e2ngulo Mineiro), normalmente atravessa a linha f\u00e9rrea, e passa pr\u00f3ximo\u00a0ao Supermercado Superluna que est\u00e1 indicado. Deve-se seguir pela Av. Gov. Magalh\u00e3es Pinto, e entrar \u00e0 esquerda na Rua Ametista.<\/p>\n<p><a title=\"Visualizar no Google Maps\" href=\"http:\/\/maps.google.com.br\/maps?q=Rua+Ametista,+97,+M%C3%A1rio+Campos,+MG&amp;hl=pt-BR&amp;ie=UTF8&amp;ll=-20.058793,-44.192204&amp;spn=0.007992,0.009645&amp;sll=-14.239424,-53.186502&amp;sspn=63.851914,79.013672&amp;hnear=R.+Ametista,+97+-+M%C3%A1rio+Campos+-+Minas+Gerais,+32470-000&amp;t=m&amp;z=17\" target=\"_blank\"><img loading=\"lazy\" decoding=\"async\" class=\"aligncenter size-full wp-image-71\" src=\"https:\/\/www.grupodabencao.org.br\/site\/wp-content\/uploads\/2013\/09\/mapagdb.png\" alt=\"mapagdb\" width=\"513\" height=\"511\" srcset=\"https:\/\/www.grupodabencao.org.br\/site\/wp-content\/uploads\/2013\/09\/mapagdb.png 513w, https:\/\/www.grupodabencao.org.br\/site\/wp-content\/uploads\/2013\/09\/mapagdb-150x150.png 150w, https:\/\/www.grupodabencao.org.br\/site\/wp-content\/uploads\/2013\/09\/mapagdb-300x298.png 300w\" sizes=\"auto, (max-width: 513px) 100vw, 513px\" \/><\/a><\/p>\n","protected":false},"excerpt":{"rendered":"<p>O Grupo Esp\u00edrita da B\u00ean\u00e7\u00e3o est\u00e1 situado na Rua Ametista, 97, bairro Vila Ondina, na cidade\u00a0 de M\u00e1rio Campos, Estado de Minas Gerais. Acesso pela Fern\u00e3o Dias (BR 381), sentido BH \u2013 S\u00e3o Paulo, Sa\u00edda 501, em dire\u00e7\u00e3o a Brumadinho. Outro acesso \u00e9 a MG-040, que liga a regi\u00e3o do Barreiro a Ibirit\u00e9, Sarzedo e [&hellip;]<\/p>\n","protected":false},"author":1,"featured_media":0,"parent":0,"menu_order":4,"comment_status":"closed","ping_status":"closed","template":"","meta":{"ngg_post_thumbnail":0,"footnotes":""},"class_list":["post-70","page","type-page","status-publish","hentry"],"_links":{"self":[{"href":"https:\/\/www.grupodabencao.org.br\/site\/wp-json\/wp\/v2\/pages\/70","targetHints":{"allow":["GET"]}}],"collection":[{"href":"https:\/\/www.grupodabencao.org.br\/site\/wp-json\/wp\/v2\/pages"}],"about":[{"href":"https:\/\/www.grupodabencao.org.br\/site\/wp-json\/wp\/v2\/types\/page"}],"author":[{"embeddable":true,"href":"https:\/\/www.grupodabencao.org.br\/site\/wp-json\/wp\/v2\/users\/1"}],"replies":[{"embeddable":true,"href":"https:\/\/www.grupodabencao.org.br\/site\/wp-json\/wp\/v2\/comments?post=70"}],"version-history":[{"count":8,"href":"https:\/\/www.grupodabencao.org.br\/site\/wp-json\/wp\/v2\/pages\/70\/revisions"}],"predecessor-version":[{"id":2002,"href":"https:\/\/www.grupodabencao.org.br\/site\/wp-json\/wp\/v2\/pages\/70\/revisions\/2002"}],"wp:attachment":[{"href":"https:\/\/www.grupodabencao.org.br\/site\/wp-json\/wp\/v2\/media?parent=70"}],"curies":[{"name":"wp","href":"https:\/\/api.w.org\/{rel}","templated":true}]}}